{"id":585,"date":"2019-04-13T20:02:18","date_gmt":"2019-04-13T17:02:18","guid":{"rendered":"http:\/\/www.teekkarikuoro.fi\/secret_site\/?post_type=te_announcements&#038;p=585"},"modified":"2022-02-07T18:51:35","modified_gmt":"2022-02-07T16:51:35","slug":"ensimmaiset-toisen-polven-teekkarikuorolaiset","status":"publish","type":"te_announcements","link":"https:\/\/www.teekkarikuoro.fi\/en\/kuoro\/historia\/ensimmaiset-toisen-polven-teekkarikuorolaiset\/","title":{"rendered":"The first second generation choir members"},"content":{"rendered":"<p>Kuoro aikuistuu taas pyk\u00e4l\u00e4n verran kun yhden perustajaj\u00e4senen Jussi S\u00e4\u00e4tel\u00e4n tyt\u00e4r Annukka aloittaa Teekkarikuorossa. My\u00f6hemmin kuoroon liittyy my\u00f6s Teekkarikuorossa tavanneiden Eira ja Markku Ruonavaaran tyt\u00e4r Henna Ruonavaara (nyk. Gaubusseau).<\/p>\n<p><a href=\"https:\/\/www.teekkarikuoro.fi\/en\/kuoro\/historia\/\">Back to the shining moments of our history<\/a><\/p>","protected":false},"parent":0,"template":"","announcement_date":"Announcement Date: 10.9.2013","announcement_image":false,"_links":{"self":[{"href":"https:\/\/www.teekkarikuoro.fi\/en\/wp-json\/wp\/v2\/kuoro\/historia\/585"}],"collection":[{"href":"https:\/\/www.teekkarikuoro.fi\/en\/wp-json\/wp\/v2\/kuoro\/historia"}],"about":[{"href":"https:\/\/www.teekkarikuoro.fi\/en\/wp-json\/wp\/v2\/types\/te_announcements"}],"wp:attachment":[{"href":"https:\/\/www.teekkarikuoro.fi\/en\/wp-json\/wp\/v2\/media?parent=585"}],"curies":[{"name":"wp","href":"https:\/\/api.w.org\/{rel}","templated":true}]}}

<p>Kuoro aikuistuu taas pykälän verran kun yhden perustajajäsenen Jussi Säätelän tytär Annukka aloittaa Teekkarikuorossa. Myöhemmin kuoroon liittyy myös Teekkarikuorossa tavanneiden Eira ja Markku Ruonavaaran tytär Henna Ruonavaara (nyk. Gaubusseau).</p>
<p><a href="https://www.teekkarikuoro.fi/en/kuoro/historia/">Back to the shining moments of our history</a></p>
